s the remainder when f is divided by 14?
11
Calculate the remainder when (46/(-4))/((-2)/4) is divided by 2/4 - 115/(-10).
11
Calculate the remainder when 48 is divided by 4/(12/3) - -24.
23
Suppose -t = -8 + 2. Suppose 0 = -2*a - 3 + 5. Suppose -a = -b - 5*h + h, b - 16 = -h. Calculate the remainder when b is divided by t.
3
What is the remainder when 43 is divided by ((-102)/24)/(2/(-8))?
9
What is the remainder when (-1876)/(-18) + (-3 - 75/(-27)) is divided by 21?
20
Let f be 0/5 + 49/1. Suppose 0 = -4*i + f + 27. Let y(a) = 7*a**3. Calculate the remainder when i is divided by y(1).
5
Let s = -39 + 56. Calculate the remainder when s is divided by ((-9)/(-2))/((-3)/(-6)).
8
Suppose -5*x + 60 = -p, -x + 4*p = -0*p - 12. What is the remainder when 71 is divided by x?
11
Let t = -9 - -7. Calculate the remainder when 30 is divided by t/14 - 113/(-7).
14
Suppose -3 = -m - 4*o, -m + 2*o = -4*m + 9. Calculate the remainder when 12*2/8*2 is divided by m.
0
Suppose -14*t + 155 = -279. What is the remainder when t is divided by 13?
5
Let z(x) = 2*x**3 - 3*x**3 + 4*x + x + 2. Calculate the remainder when z(-3) is divided by 8.
6
Suppose 0 = -3*x - 6. What is the remainder when 32 is divided by (-33)/x*(-16)/(-24)?
10
Suppose 95 - 279 = -4*s. Calculate the remainder when s is divided by 24.
22
Suppose 55 = 2*f + s, -5*f - 3*s + 12 = -127. What is the remainder when 103 is divided by f?
25
What is the remainder when ((-28)/8)/(-7)*50 is divided by 14?
11
Let l(a) = a**2 + 2*a - 10. Let d(v) = -2*v**2 - 3*v - 1. Let z be d(-3). Calculate the remainder when l(z) is divided by 18.
16
Suppose -4*a + 81 + 75 = 0. What is the remainder when a is divided by 10?
9
Suppose y - 3*y = -24. Let r(s) = 12*s - 2. What is the remainder when r(4) is divided by y?
10
Let z(i) = 8*i + 2. Let w = -3 - -5. Suppose -3 - 15 = -4*a + w*j, -a = j. Calculate the remainder when 51 is divided by z(a).
25
Let l be (16/20)/(2/10). Suppose -y - 35 = -3*r - 11, l*y + 3*r + 51 = 0. Let o = y + 74. Calculate the remainder when o is divided by 20.
19
Let y(j) = j. Let v be y(3). Suppose -v*u + 190 = 2*u. Calculate the remainder when u is divided by 13.
12
Suppose b - 5*b = -l + 32, 2*l = -b + 19. What is the remainder when 21 is divided by l?
9
Suppose 3*b + 2*z - 2 = z, 0 = b - 5*z - 22. Suppose 1 = b*h + 3*d + 3, 0 = 4*h + d - 6. Calculate the remainder when ((-12)/15)/(h/(-80)) is divided by 11.
10
Let k(r) = -r**2 - 8*r - 7. Let d be k(-7). Calculate the remainder when 34 is divided by (-12)/(-1)*1 - d.
10
Let w(a) = 2*a**2 + a + 1. Suppose 4*m = -0*m - 16. What is the remainder when w(m) is divided by (30/2)/(3/2)?
9
Suppose 2*i = -5*t + i + 7, 5*i + 11 = -2*t. Suppose 4 = t*h - 4. Let u(x) = x**3 + 4*x**2 - 2*x - 5. Calculate the remainder when h is divided by u(-4).
1
Let n(m) = 2*m + 14. Calculate the remainder when n(4) is divided by 14.
8
Let f = 26 + -23. Let w(d) = d**3 - 5*d**2 + 3*d + 3. Let z be w(3). Let j = 1 - z. Calculate the remainder when j is divided by f.
1
Let s be 12/(-8)*(0 - 2). What is the remainder when 55 is divided by s*-4*-1 - -2?
13
Let b(t) = -t**3 + 29*t**2 + 2*t - 9. Calculate the remainder when b(29) is divided by 17.
15
Let f(c) = -2*c - 8. Calculate the remainder when 23 is divided by f(-7).
5
Let o = -10 + 41. Let i = o - 17. Calculate the remainder when (40/3)/((-1)/(-3)) is divided by i.
12
Suppose 3*g - 2*g - 8 = 0. Let l(u) = 2*u**2 + 7*u + 16. Calculate the remainder when l(-3) is divided by g.
5
Suppose 0 = -3*p - 5*i + 37, 0*p + 5*i - 13 = 3*p. What is the remainder when 3 is divided by 2 - 2 - p/(-2)?
1
Calculate the remainder when 8 is divided by 3 + (0 + -3 - -4).
0
Let l = -18 - -89. Suppose -y + 36 = y. Calculate the remainder when l is divided by y.
17
Calculate the remainder when 20 is divided by 500/70 + 2/(-14).
6
Suppose 66 = -3*c + 165. Suppose -2*m = m - c. What is the remainder when m is divided by (-36)/(-10) - (-4)/10?
3
Let t(o) = 7*o**2 - 1. Let y(i) = i + 6. Let v be y(-5). Let z be t(v). Suppose -j - z = -2*j. What is the remainder when 10 is divided by j?
4
Let m(k) = -3*k - 2. Calculate the remainder when (8/(-6))/(5/(-45)) is divided by m(-2).
0
Let o = 9 + -7. Let u(a) = 9*a. What is the remainder when u(o) is divided by 7?
4
Let x(o) = -o**3 + 2*o**2 + 7*o - 1. Let s be x(5). Let j = 62 + s. Calculate the remainder when j is divided by 8.
5
Let o(t) = -4*t**2 - 13*t - 10. Let k(s) = -s**2 - s + 1. Let g(c) = 3*k(c) - o(c). Suppose b + 8 = -1. What is the remainder when 10 is divided by g(b)?
2
Let u(y) = -y**2 + 5*y + 3. Let v be u(4). Suppose -2*l = -15 - v. What is the remainder when -2*(-2)/(8/62) is divided by l?
9
Let f(a) = -a + 12. Let o be (0/(-2))/(2 + 0). What is the remainder when (-1)/(2/(-70) - 0) is divided by f(o)?
11
Let m = 86 - 6. Suppose -3*o - 32 = -5*l + 168, -4*o + m = 2*l. Calculate the remainder when l is divided by 14.
12
Let w be 3 - (-1)/((-3)/3). Suppose 0 = c - w - 2, -2*z + 2*c = -16. What is the remainder when 35 is divided by z?
11
Suppose -8 = 5*t - 6*t. Suppose 3*w - t*w = -35. Let r = w + 12. What is the remainder when 56 is divided by r?
18
What is the remainder when 4*((-51)/(-12) + -1) is divided by 6?
1
Let f = 175 + -122. What is the remainder when f is divided by 18?
17
Let q = 26 - 2. Suppose 214 = -7*a + 865. Calculate the remainder when a is divided by q.
21
Suppose -10*m = -55 - 35. What is the remainder when m is divided by 3?
0
Suppose -2*t = m - 56, 0*m - 4*m + 35 = t. What is the remainder when 51 is divided by t?
24
Let d = 110 - 86. Calculate the remainder when 118 is divided by d.
22
Let g(c) = -c**2 - 4*c + 9. What is the remainder when 11 is divided by g(-5)?
3
Suppose -75 = 23*p - 28*p. What is the remainder when 56 is divided by p?
11
Suppose -4*u - 2*l + 38 = -0*u, 6 = 2*l. What is the remainder when (23 - 1) + (-4)/4 is divided by u?
5
Let s(n) = -10*n**2 + 4*n + 1. Let m(t) = 9*t**2 - 5*t - 2. Let f(y) = -2*m(y) - 3*s(y). Calculate the remainder when 32 is divided by f(1).
10
Suppose j = -3 + 1. Let p be -2 - (1 + (-86)/j). What is the remainder when (p/(-8))/((-2)/(-8)) is divided by 8?
7
Let g(v) = v**2 - 4. Let u(q) = q + 2. Let b be u(3). Calculate the remainder when g(b) is divided by 8.
5
Let z = -40 + 69. Calculate the remainder when z is divided by 6.
5
Suppose -4*x - 66 + 166 = 0. Calculate the remainder when 48 is divided by x.
23
Let i(m) = -m**3 + m - 2. Suppose 5*d + n - 77 = 0, 0*d - 3*n + 51 = 3*d. Calculate the remainder when i(-4) is divided by d.
13
Let d(a) = a**2 + 35*a + 31. Calculate the remainder when d(-35) is divided by (-1)/(-2) + 63/6.
9
Let q(u) = -u**2 + 3*u. Let g be q(3). Suppose -4*r - 4 + 20 = g, -2*c = r - 36. What is the remainder when c is divided by 9?
7
Let a = -2 + 3. Let m be 1/(a + (-33)/30). What is the remainder when (m/(-1))/((-6)/(-33)) is divided by 19?
17
Let u(f) = 2 - 17*f**2 - 8*f**2 - 5*f**2. Let v be u(-2). Let l = v + 176. What is the remainder when l is divided by 20?
18
Suppose 0 = -9*o + 4*o + 15. What is the remainder when 3 is divided by o?
0
Let h(o) = 5*o**2 + 3*o - 3. Calculate the remainder when h(1) is divided by 5.
0
Suppose 5*l - 265 = -3*w, 4*l = 2*w + 229 - 17. What is the remainder when l is divided by 14?
11
Suppose 4*m + 14 = 4*q - 38, -2*q + m + 28 = 0. What is the remainder when (-2772)/(-98) + (-2)/(-7)*-1 is divided by q?
13
Let u be (-1 + -3 + 0)*-1. Suppose -u*k + 6 = -3*k. Calculate the remainder when 17 is divided by k.
5
Let t = 14 + -4. Let q = -5 + 43. What is the remainder when q is divided by t?
8
Suppose -5*k + 107 = -153. Calculate the remainder when k is divided by 18.
16
Suppose 4*k = 51 + 1. What is the remainder when k is divided by 8?
5
Suppose 7*g - 2*g - 185 = 0. Suppose -m + 3*b + 31 = 0, 2*m - 3*b = -m + 69. What is the remainder when g is divided by m?
18
Let a = -2 + 6. Suppose -32 = -a*v + 2*h, 0 = -2*v - 2*v - 2*h + 48. What is the remainder when 28 is divided by v?
8
Suppose 40 = h + 4*h. Suppose 4*y = 6*y + h. Calculate the remainder when (-90)/y - 1/2 is divided by 12.
10
What is the remainder when 14 is divided by 10/(-3)*60/(-25)?
6
Let r be 37/13 + 12/78. Suppose -r*u + u = -142. What is the remainder when u is divided by 18?
17
Let n(o) = o**3 - 5*o**